d thousands digit of 239786?
2
What is the thousands digit of 671467?
1
What is the thousands digit of 370062?
0
What is the tens digit of 473741?
4
What is the units digit of 226363?
3
What is the hundred thousands digit of 3949483?
9
What is the hundred thousands digit of 202907?
2
What is the millions digit of 5048719?
5
What is the ten thousands digit of 42561?
4
What is the units digit of 3115329?
9
What is the ten thousands digit of 145010?
4
What is the hundred thousands digit of 189435?
1
What is the ten thousands digit of 1257316?
5
What is the millions digit of 9744486?
9
What is the hundreds digit of 399620?
6
What is the tens digit of 316733?
3
What is the units digit of 473240?
0
What is the hundreds digit of 335393?
3
What is the hundred thousands digit of 20020922?
0
What is the ten thousands digit of 3590481?
9
What is the tens digit of 437954?
5
What is the ten thousands digit of 652096?
5
What is the tens digit of 337527?
2
What is the hundreds digit of 1792620?
6
What is the tens digit of 451908?
0
What is the ten thousands digit of 30164878?
6
What is the tens digit of 2801713?
1
What is the thousands digit of 266698?
6
What is the hundreds digit of 7848?
8
What is the hundred thousands digit of 259333?
2
What is the millions digit of 1974940?
1
What is the hundred thousands digit of 370781?
3
What is the ten thousands digit of 9526864?
2
What is the millions digit of 5526524?
5
What is the millions digit of 1566401?
1
What is the thousands digit of 2148092?
8
What is the units digit of 1110821?
1
What is the hundreds digit of 2412810?
8
What is the hundred thousands digit of 394730?
3
What is the hundred thousands digit of 35423849?
4
What is the hundreds digit of 354599?
5
What is the units digit of 910165?
5
What is the hundreds digit of 715716?
7
What is the hundred thousands digit of 2199667?
1
What is the units digit of 2977621?
1
What is the hundreds digit of 5781010?
0
What is the tens digit of 2445310?
1
What is the tens digit of 9554835?
3
What is the hundreds digit of 587149?
1
What is the tens digit of 350620?
2
What is the thousands digit of 120993?
0
What is the units digit of 6845152?
2
What is the units digit of 16854331?
1
What is the hundreds digit of 12548192?
1
What is the tens digit of 1172427?
2
What is the hundred thousands digit of 414670?
4
What is the tens digit of 3935840?
4
What is the tens digit of 706295?
9
What is the ten millions digit of 13582488?
1
What is the hundred thousands digit of 322148?
3
What is the hundreds digit of 345974?
9
What is the thousands digit of 12960468?
0
What is the hundreds digit of 12987636?
6
What is the ten thousands digit of 120551?
2
What is the thousands digit of 3650012?
0
What is the tens digit of 119283?
8
What is the tens digit of 238346?
4
What is the millions digit of 20425614?
0
What is the millions digit of 8686903?
8
What is the tens digit of 772511?
1
What is the tens digit of 888236?
3
What is the thousands digit of 9023129?
3
What is the hundreds digit of 12420102?
1
What is the thousands digit of 4046419?
6
What is the units digit of 498897?
7
What is the hundreds digit of 1648226?
2
What is the hundreds digit of 1576?
5
What is the units digit of 856242?
2
What is the thousands digit of 628406?
8
What is the ten millions digit of 24525758?
2
What is the units digit of 547107?
7
What is the thousands digit of 28313753?
3
What is the units digit of 1710281?
1
What is the hundreds digit of 610840?
8
What is the thousands digit of 5818342?
8
What is the tens digit of 925778?
7
What is the thousands digit of 118303?
8
What is the millions digit of 2806514?
2
What is the hundred thousands digit of 5432578?
4
What is the tens digit of 11165351?
5
What is the units digit of 11333764?
4
What is the hundred thousands digit of 137243?
1
What is the ten thousands digit of 1353648?
5
What is the ten thousands digit of 444566?
4
What is the ten thousands digit of 10362649?
6
What is the ten thousands digit of 1673748?
7
What is the thousands digit of 29886786?
6
What is the hundreds digit of 365401?
4
What is the thousands digit of 10013825?
3
What is the thousands digit of 135190?
5
What is the hundred thousands digit of 501879?
5
What is the thousands digit of 28320?
8
What is the hundreds digit of 633285?
2
What is the units digit of 1036424?
4
What is the tens digit of 126751?
5
What is the ten thousands digit of 4266113?
6
What is the hundred thousands digit of 1785001?
7
What is the thousands digit of 5654216?
4
What is the units digit of 8248924?
4
What is the units digit of 99419?
9
What is the hundreds digit of 443609?
6
What is the ten millions digit of 39257431?
3
What is the units digit of 16317442?
2
What is the hundreds digit of 686963?
9
What is the hundreds digit of 67331?
3
What is the thousands digit of 3829509?
9
What is the ten thousands digit of 599503?
9
What is the ten thousands digit of 78347?
7
What is the hundreds digit of 6754359?
3
What is the tens digit of 84465?
6
What is the ten thousands digit of 2885502?
8
What is the ten thousands digit of 840385?
4
What is the hundred thousands digit of 1130088?
1
What is the tens digit of 3985968?
6
What is the millions digit of 2492073?
2
What is the tens digit of 267651?
5
What is the ten thousands digit of 34653?
3
What is the units digit of 2199736?
6
What is the hundred thousands digit of 1756108?
7
What is the units digit of 2406942?
2
What is the tens digit of 3820886?
8
What is the units digit of 10711?
1
What is the hundred thousands digit of 692502?
6
What is the ten thousands digit of 615350?
1
What is the tens digit of 8723569?
6
What is the ten thousands digit of 10428814?
2
What is the tens digit of 3153799?
9
What is the hundreds digit of 77496?
4
What is the tens digit of 220214?
1
What is the ten thousands digit of 1546346?
4
What is the thousands digit of 40147?
0
What is the millions digit of 5697334?
5
What is the millions digit of 1016231?
1
What is the units digit of 6394263?
3
What is the units digit of 243461?
1
What is the units digit of 36974551?
1
What is the tens digit of 1959486?
8
What is the thousands digit of 2962?
2
What is the hundreds digit of 1709984?
9
What is the hundred thousands digit of 257119?
2
What is the tens digit of 692751?
5
What is the ten thousands digit of 9007324?
0
What is the thousands digit of 68321?
8
What is the thousands digit of 886124?
6
What is the ten thousands digit of 729797?
2
What is the ten thousands digit of 4341771?
4
What is the hundreds digit of 2430632?
6
What is the thousands digit of 710450?
0
What is the thousands digit of 20924064?
4
What is the units digit of 445973?
3
What is the ten millions digit of 11632923?
1
What is the millions digit of 1123937?
1
What is the units digit of 5611623?
3
What is the thousands digit of 3971862?
1
What is the millions digit of 2345741?
2
What is the thousands digit of 64811?
4
What is the tens digit of 291494?
9
What is the ten thousands digit of 376070?
7
What is the hundreds digit of 6458169?
1
What is the hundreds digit of 1095613?
6
What is the hundreds digit of 26799247?
2
What is the tens digit of 105638?
3
What is the tens digit of 21712218?
1
What is the hundred thousands digit of 8769537?
7
What is the hundred thousands digit of 14525002?
5
What is the hundred thousands digit of 679877?
6
What is the units digit of 290930?
0
What is the hundred thousands digit of 139469?
1
What is the units digit of 16293946?
6
What is the millions digit of 3483058?
3
What is the ten thousands digit of 614770?
1
What is the hundred thousands digit of 1854172?
8
What is the ten thousands digit of 2260813?
6
What is the millions digit of 7152093?
7
What is the units digit of 21007?
7
What is the units digit of 2851977?
7
What is the millions digit of 3617739?
3
What is the tens digit of 299779?
7
What is the hundreds digit of 371564?
5
What is the hundreds digit of 374959?
9
What is the tens digit of 25248969?
6
What is the units digit of 336562?
2
What is the tens digit of 19944031?
3
What is the hundreds digit of 908990?
9
What is the tens digit of 628670?
7
What is the ten thousands digit of 45352?
4
What is the ten thousands digit of 490895?
9
What is the units digit of 17924606?
6